. What is the greatest common factor of s and k?
8
Suppose 2 = -2*i - 2, -2*w + 460 = -2*i. Let n = 378 + -321. Calculate the highest common divisor of n and w.
57
Suppose 18*t - 7*t = 6*t + 3920. Calculate the highest common factor of t and 364.
28
Let g be -3*((-134)/11 + (-106)/(-583)). What is the highest common divisor of 4308 and g?
12
Let f(h) = -3*h + 9. Let a(x) = -6*x - 8*x + 18*x - 9 - 3*x. Let g be a(3). Let y be f(g). Calculate the greatest common factor of 297 and y.
27
Let m(w) = -14*w - 4. Let l = 38 + -36. Suppose 4 = -2*t - l*y, t + 3*y = -t - 5. Let b be m(t). What is the highest common factor of b and 80?
10
Let b(x) = 658*x**2 - 27*x + 3. Let p be b(2). Suppose -p = -5*k - 941. What is the greatest common divisor of 8 and k?
8
Suppose -26*q + 23427 + 8282 = -11945. What is the greatest common factor of q and 292?
73
Let m(k) = -506*k - 1796. Let z be m(-7). Calculate the greatest common divisor of z and 1358.
194
Suppose 9 = 8*i - 5*i. Suppose -5*w = 5*a + 72 - 262, 5*a - 3*w = 198. Calculate the greatest common divisor of a and i.
3
Suppose -28202 = -9*y - 6575. Calculate the highest common divisor of 178 and y.
89
Suppose 687 = 3*m + 201. Let a = -141 + m. Let s be (-222 - 2)*6/(-8). Calculate the greatest common factor of a and s.
21
Suppose 0 = -2*d + 5*m - 183 + 612, -d + 2*m = -212. Let y = d + -201. Calculate the highest common factor of y and 8.
1
Let i(k) = -25*k + 24*k + 442 + 52*k + 7*k. Let t be i(-7). Calculate the highest common factor of 48 and t.
12
Let g = 32 + 10. Suppose -l - 4*u = -88, -l + 482 = -5*u + 466. What is the highest common factor of l and g?
14
Suppose 2*a = 51*a - 147. Suppose 0 = -2*l - 0*l. Suppose -4*g + 2 + 26 = 4*o, 2*g - 3*o - 24 = l. What is the greatest common divisor of a and g?
3
Let k = 11505 - 11439. What is the highest common factor of 2145 and k?
33
Let o = 129 + -59. Suppose -3*b - o = -5*b. Let a = 172 + 3. What is the greatest common divisor of a and b?
35
Let k = -40 + 42. Suppose -k*x + 204 = 4*v, -2*v - 114 = -4*v + 5*x. Let p = -13 + v. What is the highest common divisor of p and 13?
13
Let z(h) = -h**3 + 69*h**2 + 220*h - 34. Let q be z(72). Calculate the highest common divisor of 14 and q.
2
Let k = -4237 + 4328. Calculate the highest common factor of k and 260.
13
Suppose -2*o + 530 = 5*b, o = -3*o + 3*b + 1008. Let h = -243 + o. Calculate the greatest common divisor of h and 12.
12
Let a = -74 - -153. Let i = 497 - a. What is the highest common factor of i and 22?
22
Let h(w) = -w**2 - 2*w + 23. Let o be (0*((5 - 0) + -4))/1. Let r be h(o). Calculate the greatest common factor of r and 69.
23
Let c = 2318 + 322. Suppose -47*m + c = -41*m. Calculate the greatest common factor of m and 80.
40
Let b be 229 + ((-13)/3 + 1)/(284/(-426)). Calculate the highest common factor of b and 18.
18
Let h = 819 + -783. Calculate the highest common factor of 441 and h.
9
Let d be (-194 - -193)/((-1851)/1848 + 1). What is the greatest common divisor of d and 42?
14
Let b = -48 - -53. Suppose s + 20 + 2 = -3*f, -b*f - 4*s - 46 = 0. Let c = f + 32. Calculate the highest common divisor of c and 65.
13
Let q(u) = u**2 + 8*u - 17. Let o be q(-12). Let w be (1 + 0)*(-1 + 218). Calculate the greatest common divisor of o and w.
31
Let s(p) = -8*p + 6*p + 6*p + 8. Let z be s(-2). Suppose z*u - 96 = -4*u. What is the greatest common divisor of u and 96?
24
Suppose -2*q = -0*q - 198. Let p = 225 - 189. Suppose 0 = o + p - q. What is the greatest common factor of o and 21?
21
Suppose -163*u + 7844 = 509. What is the highest common factor of 225 and u?
45
Let l = -2611 + 2773. Calculate the highest common divisor of 1161 and l.
27
Suppose -50 - 62 = -5*r - w, -7*r + 208 = -5*w. What is the greatest common factor of 750 and r?
6
Let i(y) = y**3 + y**2 + 52. Let k be i(0). Suppose -53*f = -k*f. Suppose -o - 3*o + 28 = f. Calculate the highest common factor of 2 and o.
1
Let c(l) = 18*l + 20 - 12 + 4 - 90*l. Let g be c(-4). Suppose -3*i = -6*i + g. What is the greatest common factor of i and 25?
25
Suppose -4*a - 5*a + 867 = -501. Calculate the greatest common divisor of 627 and a.
19
Let p(x) = -x**2 - 63*x - 548. Let r be p(-13). Suppose 0 = 5*n - 370 - 140. Calculate the greatest common divisor of n and r.
102
Let t = -488 - -600. What is the greatest common factor of 2072 and t?
56
Let i = -21 - -61. Let p(m) = m + 12. Let a be p(-11). Suppose -3*r = -11 + 2, -a = -2*k + 5*r. What is the greatest common divisor of k and i?
8
Suppose 8*u - 17 + 3 = 18. What is the greatest common divisor of u and 3236?
4
Let o = -238 + 499. Let x be 10556/1131 - (2 - (-10)/(-6)). What is the greatest common factor of x and o?
9
Suppose 13*l = 18 + 203. Calculate the greatest common divisor of 1241 and l.
17
Let q(u) = -3*u**3 + 116*u**2 + 42*u + 225. Let p be q(39). Calculate the greatest common factor of p and 81.
9
Let r(i) = -i**3 + 14*i**2 - 33*i + 14. Let a be r(11). Suppose 3*b - 14 = -c, -2*b - 43 + a = -c. Calculate the greatest common factor of c and 115.
23
Let g = 1243 - -90. What is the greatest common factor of 31 and g?
31
Suppose -4*m - 2895 = 5*s - 2953, 0 = -5*s - 5*m + 55. Calculate the highest common divisor of s and 238.
14
Let p be (3/(-2))/(6*4/(-32)). Suppose -p = -2*m - 0. Let b be 4 + -3 + m + (-6)/(-3). What is the greatest common divisor of b and 10?
2
Let o = -834 - -1496. Suppose -2*b + 2*c + o = 2*b, -346 = -2*b - 2*c. Suppose -2*n + 13 = -29. Calculate the greatest common factor of n and b.
21
Suppose 3*y + 2*y - 325 = 0. Let k be (-544)/(-3) + (-728)/(-1092). Calculate the greatest common divisor of y and k.
13
Let i(y) = -4*y + 4. Let o be i(2). Let z be 200/o*(-1 - 0). What is the highest common factor of z and 475?
25
Suppose -3*p - 3*g + 9033 = 0, p + 28*g = 23*g + 3027. Calculate the highest common factor of 93 and p.
31
Suppose 11275 = -907*l + 1828*l - 910*l. Calculate the greatest common divisor of 15 and l.
5
Let b(o) = -195*o + 164. Let h be b(-4). Let r be (-2)/(-1 - (-342)/354). Calculate the greatest common factor of h and r.
59
Let v(o) = 76*o - 150. Suppose -3*h - 22 = -4*y, -20 = -0*y - 4*y + 2*h. Let t be v(y). What is the greatest common divisor of 44 and t?
22
Let g(q) = q**3 - 8*q**2 + 4*q - 20. Let k be g(10). Suppose -217*w = -k*w + 588. What is the highest common divisor of w and 4?
4
Let p(s) = -95*s + 93. Let k be p(-3). Let w = 570 - k. Calculate the highest common divisor of w and 24.
24
Let m be (-622)/3 + (-1)/(-3). Let a = -190 - m. Calculate the greatest common factor of a and 34.
17
Let b be (18/(-10) - -1)*-75. Let m = -138439 - -138709. What is the highest common factor of m and b?
30
Suppose 2*n - 4*h = 14, 6 - 30 = -4*n + 4*h. Let y be 228/9*1/((-2)/6). Let g be (1 - (-2)/(-8)) + (-1083)/y. What is the highest common factor of n and g?
5
Suppose 0*d = -3*d, 0 = j + d - 5. Suppose -4 = j*m + 16. Let r be 836/26 - m/(-26). Calculate the highest common divisor of r and 160.
32
Let s be (3*4)/3 + 128/(-8) + 68. What is the greatest common divisor of s and 192?
8
Let c(h) = -h**2 + 38*h - 141. Let d be c(15). Calculate the highest common divisor of 2754 and d.
102
Let m be ((-13)/(-13))/(-7 - -5) + (-1799)/(-2). Calculate the highest common factor of m and 116.
29
Suppose 5*v - 234 = -269. Let h be 20/3 + v/(-3). Calculate the greatest common factor of h and 18.
9
Let l = 368 + 6541. What is the greatest common factor of l and 588?
147
Let x be (-4 - (-20 - -8))/((-4)/(-10)). Suppose -2*y = 4*h - 1600, 25*y = 30*y + x. What is the greatest common divisor of h and 6?
6
Suppose 5*r = -d + 154, 34*d - 30*d + 5*r = 721. What is the highest common factor of d and 1113?
21
Suppose 0 = 146*p - 128*p - 270. Suppose -4*g - 30 = -t, 3*g = -0*g - p. Let f = 4 - 2. What is the greatest common divisor of f and t?
2
Suppose -30*z - 315 = -35*z. Let w = 91 - z. Calculate the greatest common divisor of 476 and w.
28
Let s be (104/(-182))/(-2*2/168). Let v = 365 + -257. What is the highest common divisor of v and s?
12
Let v(x) = 45 - 66*x + 88*x + 6*x**2 - 7*x**2. Let h be v(23). What is the highest common divisor of 682 and h?
22
Let j be 1 + -2*13/(-2). Let x(k) = 47*k**3 + 8*k**2 - 7*k - 4. Let g be x(-3). Let d be (-2)/(56/g) - (-1)/(-7). What is the highest